94*w - 27663091 = -265*w. Is w composite?
False
Let b = 362 + -358. Suppose v = -2*z + 5*z + 11531, v - 11535 = b*z. Is v a prime number?
True
Is 61711790/98 - 31 - (-2)/(-14) a prime number?
False
Let s(d) be the third derivative of 11*d**2 + 0 - 4/3*d**3 - 1/60*d**6 - 7/60*d**5 + 2/3*d**4 + 0*d. Is s(-7) a composite number?
False
Let b be (60/(-48))/(1/(-208)). Suppose -4*g = -3*g - 5*t + b, -4*g + t = 1002. Let v = 57 - g. Is v composite?
False
Suppose -5*q = -4*a + 3, -17*q = -3*a - 20*q + 9. Is 1229480/(-24)*-1 - a/(-3) a prime number?
True
Is ((-78782)/(-14))/(822/5754) a prime number?
False
Suppose 108331 = -2*b + 3*b - 0*b. Is b a composite number?
True
Let g be (-1)/((-1)/(-4)) - (-540 - 14). Let b(x) = 2*x**2 - 38*x - 44. Let w be b(-18). Suppose -w = -2*f + g. Is f prime?
True
Let a(z) = -z**3 + 20*z**2 - 18*z - 21. Let t be a(19). Is -7 + t + (-5 - -1231) a composite number?
False
Suppose 2*f - 1243873 = -w - 42376, -5*f + 3003720 = 7*w. Is f a prime number?
True
Let z be (-1)/(-3) + ((-465)/9)/5. Let y be (-42)/(-12)*z/(-7). Suppose a - 12653 = -y*x + 3*a, -x - 3*a = -2534. Is x composite?
False
Let f = -27 + 28. Let v be (36 + -31)*(f + 0/1). Suppose v*x = -5, x - 6*x = 3*m - 1996. Is m prime?
False
Let w(i) = 195*i**2 - 108*i - 637. Is w(-6) a composite number?
True
Let u(w) = -71*w**3 - 68*w**2 + 31*w - 3. Is u(-10) a composite number?
True
Let d be 9465 - 8/(-8) - -6. Let x = d + -1185. Is x a prime number?
True
Let c(y) = -122*y - 137. Let f be c(-11). Let h = 1637 + -2448. Let g = f + h. Is g a prime number?
False
Suppose -7*u + 15 = -3*u - 5*v, 3*v + 9 = 0. Suppose -2*k + 4880 = -3*o, 0 = 3*k - u*k - 3*o - 7317. Is (-6)/12*1*-2*k composite?
False
Suppose 2*v = -3*r + 39, r + r - v = 26. Suppose 126 = 7*o - r*o. Is (-2108)/(-10) + o/(-105) prime?
True
Suppose -8 = -5*g + 4*j, 0 = 5*j - 2*j - 9. Suppose 2*t + g = -y - y, 4*t - 5*y - 28 = 0. Suppose -7*d = -6*d - 4*u - 391, -t*u + 2 = 0. Is d composite?
True
Let w = 42 + -73. Let d = w - -33. Suppose -d*m + 3066 = 4*m. Is m a composite number?
True
Suppose -2*z - 5*s + 34 = 12, -z = 2*s - 10. Let w be ((-44)/z)/(44/(-66)). Is -4 + 1 - (-183 + w) a prime number?
False
Let y be 4 + -2 - 5 - 4*27. Let o = y + 14. Is (-7 - (-2 + -3))*1*o a prime number?
False
Suppose 2*j + j + 3*r = -27057, -4*j - 36101 = -r. Is (-13)/(26/j) + 1 prime?
True
Let q be 2 + 27/(-12) - 42/(-8). Let w(l) = -2*l + 12. Let k be w(q). Is (45 + (-2)/(-1))/(k - 1) a composite number?
False
Is 1/(141604/(-15734) - -9) prime?
True
Is ((-6768534)/42 + 0)/(10/(-70)) prime?
True
Suppose 7*a + 6 = 9*a. Let q = 7 - 3. Suppose -q*p + 3*p - 2*b = -129, 384 = a*p + 3*b. Is p a prime number?
True
Suppose 0 = -3*j - 2*o + 23 - 71, -4*j - 4*o = 60. Is 7498/4 - j/(-36) a prime number?
False
Let y(k) = 26760*k + 1007. Is y(5) a composite number?
False
Let j be 4 + 10/(-3) - (-16)/12. Suppose 0 = -i - j*i - 4*h + 10747, -4*h - 3609 = -i. Is i composite?
True
Let t = -58 - -57. Let f be -2*((-253)/(-2) + t). Let p = 1732 + f. Is p a prime number?
True
Let v(n) = 3*n**2 - 9*n - 16. Let i be v(6). Is 5 + -10 - -111*i a prime number?
False
Let x be -2 + (2 - (-3 - -3)). Let s be 13/((-1768)/(-560)) + (-2)/17. Suppose x = -s*w + 192 + 1300. Is w prime?
True
Let h(o) = -623*o + 10. Let d be h(-7). Suppose 4*u = -4*g + 8736, -2*u + d = 2*g + u. Is g composite?
True
Let l = -210419 - -485288. Suppose 2*w + l = 5*i, -8*w + 5*w - 54979 = -i. Is i prime?
True
Suppose 4408884 = 21*t - 9*t - 4172640. Is t a prime number?
False
Suppose -47 = y - 5*p - 42, -2*y + 18 = 4*p. Suppose -4*j = 5*d - 11177, 0 = y*d - 3*j - 13431 + 2240. Is d prime?
True
Suppose 3*i - 1 = 4*i, 3*i - 68921 = -2*u. Is u prime?
False
Let t be (-3)/(-2) - 78/52. Suppose -2*s + 11*q = 13*q - 16080, t = -5*s + q + 40194. Is s a composite number?
False
Let t = 20573 + 7908. Is t prime?
False
Suppose 2*t - 190437 = -17*t. Let y = t - -1546. Is y a prime number?
False
Let m(h) = 13*h**2 + 4*h + 56. Suppose -85 = 13*x + 110. Is m(x) a composite number?
True
Suppose -14*y = -9*y + 480. Let u be ((54/(-4))/(-3))/((-4)/y). Let q = u + -89. Is q a composite number?
False
Let h be (56/48)/7 - 13/6. Is (h/(-3))/(10/54555) a composite number?
False
Let d(m) = 2*m**3 - 6*m**2. Let o be d(4). Let v be 3/((8/o)/((-9)/4)). Let a = v + 60. Is a composite?
True
Let y = -1652974 - -2317713. Is y a composite number?
False
Let p = -266929 - -2001264. Is p a composite number?
True
Let c = 4822 - -4525. Suppose 4*l + c = 3*y, -2*y = -0*y - 4*l - 6238. Is y a prime number?
True
Let z = 34916 - 7755. Is z composite?
True
Suppose -4617644 = 45*a + 14*a - 16088778. Is a a composite number?
True
Let g = 7787 + -2623. Suppose h - 5095 = g. Suppose 5*t = -j + h, -4*t + 3*j = -8364 + 172. Is t composite?
True
Let f(a) = 5*a**2 + a**3 - 7*a**2 - 31*a + 10*a - 3. Is f(10) a prime number?
True
Is 10951572/30*(10 + (-285)/38) a prime number?
True
Let b(q) = 5*q**2 + 13*q - 97. Let c(t) = -11*t**2 - 27*t + 192. Let f(l) = 5*b(l) + 2*c(l). Is f(-28) prime?
False
Let l(k) = 2*k - 1. Let f be l(5). Is (-7)/f + 1 - 6244639/(-657) a composite number?
True
Let n(j) = -j**3 + 12*j**2 - 11*j - 5. Let b be n(11). Let l be (-3)/2*(-4)/(-6)*b. Is (-2 - (l + 0))*(-212)/4 composite?
True
Is -5 + 3/((-54)/(-8476332)) - (-20)/(-15) a prime number?
False
Let x = 590474 - 358431. Is x composite?
True
Let k = 259218 - 91357. Is k a prime number?
True
Let q = -50112 + 343303. Is q a prime number?
False
Suppose -4 = 3*d - s - 13, 0 = -2*d + s + 7. Is (-3*11301/3)/((-3)/d) composite?
True
Let v(m) = 9910*m**2 - 12*m + 1. Suppose -27 = 4*a + 23*a. Is v(a) a composite number?
False
Suppose -189*t = -194*t + 15. Suppose 3*h = -u + 44913, -7*h + 74855 = -2*h - t*u. Is h a composite number?
True
Suppose -6448*o = -6439*o - 151407. Is o prime?
True
Let h = 87 - 87. Is 1673 - -6 - h/(-3) composite?
True
Is 45/(-18)*((-420399)/35 - -7) a prime number?
True
Let f(w) = -w - 47 + 59 + 5*w. Let j be f(-2). Suppose q + j*q = -3*d + 4965, 5*q + 5*d - 4965 = 0. Is q a prime number?
False
Is 5294375/258 - (4 - (-100)/(-24)) composite?
False
Suppose 12*m - 4*m - 32 = 0. Suppose -422 = -6*a + m*a. Is a composite?
False
Suppose 0*o - 5*d + 145 = 5*o, 5*o = -2*d + 142. Suppose -o = 4*g + 4*r, 0*g + 15 = 5*g - 5*r. Is (g - 12/(-4)) + 10 a prime number?
True
Let b be ((-1478)/(-8))/((-5)/(-60)). Let d = b - 294. Is d composite?
True
Suppose 9893130 + 230917220 = -94*f + 644*f. Is f a prime number?
True
Is -4*8*(-4)/(-192)*-136569 composite?
True
Let q(c) = -491*c + 890. Is q(-25) a prime number?
False
Suppose -1279 + 11813 = 23*b. Let f = b - -1463. Is f a composite number?
True
Let z be (-162)/(-36)*(-4)/6. Let n(s) = -538*s**3 - 3*s**2 + 5*s + 5. Is n(z) composite?
False
Let c(b) = 154*b**2 + 44*b + 5. Let g(x) = -x**2 - 4*x + 13. Let s be g(3). Is c(s) composite?
True
Suppose -5*s + 5*q - 30 = 0, -5*s + 2*q = 7*q + 50. Let h(r) = -r**2 - 7*r + 10. Let g be h(s). Suppose -187 = g*j - 1149. Is j a composite number?
True
Let f(w) = 5*w + 0*w - 4*w + 215*w**2 + 2. Let l be f(-1). Suppose 3*v - 5*v + l = -2*j, -5*j = -v + 88. Is v prime?
True
Let k = 40595 - 21028. Is k a prime number?
False
Suppose -2*a + 76246 = -5*b, -5*b - 294281 = -5*a - 103696. Is a a composite number?
False
Let g(y) = 109*y**2 + 3*y - 3. Let p(a) = -6 + a + 14*a**2 + 1 + 0 - 13*a**2. Let w be p(2). Is g(w) a prime number?
True
Let w be 7/(-3)*(27 - 30). Suppose w*n - 6909 = -22743. Let t = -1048 - n. Is t a composite number?
True
Let d(v) = -v + 1. Let o(x) = 3*x**3 - 2*x**2 - 10. Let b(w) = 3*w**3 - w**2 - 9. Let q(k) = 6*b(k) - 5*o(k). Let a(t) = 6*d(t) + q(t). Is a(5) a prime number?
False
Let d = 55 + -52. Suppose -16512 = -3*s - d*s. Suppose -4*w + 5*q + s = 0, -q - 1279 = -2*w + 91. Is w a composite number?
False
Suppose -2*m + g = 12, 4*m + 18 = 2*g + 3*g. Is (-28)/(-8)*(-2374)/m a prime number?
True
Suppose 19*l = 64 - 7. Is (-460128)/(-336) - l/7 a composite number?
True
Suppose 2*v = -5*l + 76, 0 = -2*l + 15*v - 20*v + 43. Suppose 198195 = l*x + 81057. Is x a composite number?
True
Suppose -5*b - 10185 = -5*f, -2*f - 4*b - 546 = -4584. Is f a prime number?
False
Let f be 2/(0 - (-8)/4). Let s be ((-3932)/3)/(-1) + f/3. Let d = s - 224. Is d a composite number